143791 + 8469 = 331*c. List the prime factors of c.
2, 5, 23
Let h(n) = 260*n**2 - 17*n - 92. What are the prime factors of h(-6)?
2, 5, 937
List the prime factors of (0 - 4) + 28485*(-14)/(-21).
2, 11, 863
Let t be ((-260)/(-6))/((-2)/6). Let u = t + 45. Let k = u + 124. What are the prime factors of k?
3, 13
Let h be -44*(-22)/8*1 + 2. Let r = h + -118. Suppose 4*a - r*d - 436 = 0, 2*a - 20 = -5*d + 168. List the prime factors of a.
2, 13
What are the prime factors of (-13 - (-1624)/87)/((-2)/(-1 - 9251))?
2, 3, 17, 257
Suppose -227 = 4*c - 15. What are the prime factors of c/(-7) + -7 - 22017/(-21)?
1049
Let r(j) = j**2 + 13*j + 46. Let f(v) = v**2 - 4*v - 6. Let o be f(3). Let n be r(o). What are the prime factors of (4 - 195/n)/((-3)/36)?
2, 3, 31
Let x(g) = g**3 - 3*g**2 - 2*g + 13. Let l = -28 + 35. List the prime factors of x(l).
3, 5, 13
Let y(r) = -r**2 + 5*r - 7. Let t be y(3). Let a be (-6)/((-24)/10)*(t + 3). Suppose a*v = 572 + 13. List the prime factors of v.
3, 13
Suppose -20*g + 48513 = -16*g - 21459. What are the prime factors of g?
3, 7, 17
Let l(y) = -y**2 + 15*y - 11. Let q = 147 - 133. What are the prime factors of l(q)?
3
Let g = -7976 + 19368. What are the prime factors of g?
2, 89
What are the prime factors of (-3006)/(-7)*(-77)/(-22)?
3, 167
Suppose -4*r = -0*r + 5*w - 115, -r + 2*w + 19 = 0. Suppose -r*i + 9238 + 3487 = 0. List the prime factors of i.
509
Let d = -1670 + 10581. What are the prime factors of d?
7, 19, 67
Let m(a) = -a**3 - a**2 - 3*a + 563. Let z be m(0). Let j = -198 + z. List the prime factors of j.
5, 73
Let y(f) = f + 1. Let d(v) = -5*v + 44. Let i be d(9). Let o(a) = 14*a. Let r(k) = i*o(k) + 6*y(k). List the prime factors of r(-1).
2, 7
Suppose 0 = 3*z - 3*m + 39, -8*z + 3*z - 2*m = 72. Let v be (z/(-4))/(-7)*(0 + -422). Let j = v + -36. What are the prime factors of j?
5, 7
Suppose 924 = 15*w - 3*w. Let m = w - 76. What are the prime factors of (m + -4)/((-4)/588*3)?
3, 7
Let k be 1/(51/(-18) - 2 - -5). Let w(b) = 9*b**2 - 3*b - 32. List the prime factors of w(k).
2, 137
Suppose 53 - 797 = -8*o. Suppose -220 = -v - 5*x, -4*v + 5*x - o = -898. List the prime factors of v.
5, 41
Let g = -556 + 562. Let y(f) = 20*f**2 + 13*f - 13. List the prime factors of y(g).
5, 157
Suppose 5*m + 8 = 6*m. Let u(s) = -s**2 + 11*s - 20. Let n be u(m). Suppose b - n*p - 137 = 0, 0 = -11*b + 6*b - 3*p + 662. List the prime factors of b.
7, 19
Let u(q) = -q**2 - 12*q + 94. Let i be u(5). Suppose 0 = 6*z - i*z + 1107. What are the prime factors of z?
3, 41
List the prime factors of (-8 - -9)*(-2)/8 - (-424360)/32.
89, 149
Let h = 72892 - 15349. What are the prime factors of h?
3, 19181
Suppose 24 = 3*h - 3*a, -4*h + 18 = 3*a + 7. Suppose -2*d + 58 + h = 5*g, -4*d = 4. Suppose -4*w - g = -1, 3*x - 2*w = 390. List the prime factors of x.
2
What are the prime factors of (959704/48 - -3) + (-3)/(-18)?
19997
Suppose 7310 = 3*r - 2*l - 8522, 16 = -2*l. List the prime factors of r.
2, 659
Suppose 0 = 294*k - 305*k + 176. What are the prime factors of (k + 5)/7 + 1593?
2, 3, 7, 19
Let t = 5465 + -1639. Let c = t - 2153. List the prime factors of c.
7, 239
Suppose -12*x - j = -15*x + 17448, 3*j = 0. List the prime factors of x.
2, 727
Let c(m) = -59*m**2 + 66*m - 265. Let p(r) = 40*r**2 - 44*r + 177. Let x(q) = -5*c(q) - 7*p(q). List the prime factors of x(4).
2, 7, 17
Suppose -53410 = -14*s + 94597 - 31485. List the prime factors of s.
7, 29, 41
Let v be 0/(-66) - (-9)/(-6)*166. Let d = v - -795. What are the prime factors of d?
2, 3, 7, 13
Let i(y) = -y**3 + 16*y**2 - 29*y + 9. Let l(t) = -2*t + 30. Let s be l(8). Let z be i(s). List the prime factors of (-157)/z + ((-52)/(-20) - 3).
31
Suppose -2*y + 1011*n = 1015*n - 15818, 39536 = 5*y + n. List the prime factors of y.
7907
Let b(c) = -1081 + 0*c + 582 + 580 + 3*c. Let j(r) = r**2 + 3*r. Let s be j(-3). List the prime factors of b(s).
3
Let h be (8 - (-4398)/(-15)) + 1/5. Let w = 182 - h. List the prime factors of w.
467
Let k(v) = 7669*v - 6233. What are the prime factors of k(9)?
2, 11, 1427
Let j(w) = -103*w + 65. What are the prime factors of j(-8)?
7, 127
Let t(w) = 7*w + 1. Let x be (-1)/(3*(-1)/(-12)). Let u be t(x). Let v = u + 63. What are the prime factors of v?
2, 3
Let b(f) = 4 - 18133*f + 18131*f + 15*f**2 + 18. What are the prime factors of b(-5)?
11, 37
Suppose 3*o + 93720 = 3*n, 6628 = 2*n + 3*o - 55842. List the prime factors of n.
2, 15619
Let h(g) = 217*g**2 + 60*g - 9. What are the prime factors of h(3)?
2, 3, 59
Suppose 201*o - 216*o + 180090 = 0. List the prime factors of o.
2, 3, 23, 29
List the prime factors of (5/25)/((-8)/(-327920)).
2, 4099
Suppose 0 = -142*y - 516060 + 2287652. What are the prime factors of y?
2, 3119
Let o be (88/(-10))/(8/(-460)). Let f = o - 44. Suppose t - 238 = -5*d - 0*d, -2*t = 3*d - f. List the prime factors of t.
2, 3, 19
Suppose 13*w = -2230 + 24096. List the prime factors of w.
2, 29
Let h(b) = 9*b**2 + 6*b + 611. List the prime factors of h(18).
5, 727
Let i be (-1)/(-3 - 20/(-8)). Let r(t) = 8*t**3 - 3*t**2 - t - 2. Let w be r(i). Suppose 0 = 3*m - 2*m - w. List the prime factors of m.
2, 3
Suppose -59*p = -45*p - 9156. Suppose 7*f + p = 2110. What are the prime factors of f?
2, 13
Let w = 20 - 15. Suppose w*j - 4*j = -6. What are the prime factors of -1 + (-926)/(-10) - j/15?
2, 23
Let k be -4 + -6997 + 56/(-8). What are the prime factors of (-246)/(-287) - k/7?
2, 3, 167
Let a(d) = d**2 + 28*d + 85. Let z be a(-25). Suppose -7*i = -z*i + 741. What are the prime factors of i?
13, 19
Let p be 4/6*(-30)/(-20). What are the prime factors of 375 + p - (5 - 48/6)?
379
Let a be 244/14 + -2 + 15/(-35). Suppose 5*i + a = -4*m, 1 = 3*m - i - 2. List the prime factors of (-1 - m - -227)/2.
113
Let x = 108 - 46. Suppose c = -4, 0 = -5*p - 2*c - c - x. List the prime factors of 2622/15 + (-2)/p.
5, 7
Let c be 14 - 17 - (-22 + (-2 - -1)). Let u be c + -2 + 1 + -2. Suppose -u*p + 14*p + 552 = 0. What are the prime factors of p?
2, 23
Let h be (100/(-125))/(1/(-5)). List the prime factors of 534/1 + h + -10 + 10.
2, 269
Let z = -15 + 9. Let g(j) = -j**3 - 3*j**2 - 5*j - 15. Let o be g(z). Suppose -p - 198 = -2*r, -5*p + 33 - o = -r. What are the prime factors of r?
2, 5
Suppose 3*c - 14466 = 2*n, -21622 = -5*c + 4*n + 2488. List the prime factors of c.
2, 2411
Suppose 3*c - 2*x - 13542 = 0, 3*c + 0*x - x = 13545. Suppose 5*d - 5*g - 4512 = -3*g, -5*d + g = -c. What are the prime factors of d?
2, 113
Let q(f) = -3*f + 28. Let l be q(0). Let z = l + -24. Suppose -w = 5*h - 22, 9 = -5*h + z*w + 21. List the prime factors of h.
2
Let s(o) = 873*o - 2910. List the prime factors of s(32).
2, 3, 43, 97
Let y(i) = 12*i + 1. Suppose -3*r = -s - 2*s + 12, 5*s - 3*r - 20 = 0. Suppose -5*v = -4*v - s. What are the prime factors of y(v)?
7
Let b(r) = 2*r**2 + 5*r - 22. Let o be b(13). Suppose 6*h - o = -45. Suppose 3*u + 2*m = 89, -2*u = m + 2*m - h. List the prime factors of u.
31
Let t = -89 + 92. Suppose -3*j = -2 - 10, 0 = -4*i + t*j - 32. Let k(x) = -48*x - 35. What are the prime factors of k(i)?
5, 41
Let z(t) = 3*t**3 + 17*t**2 - 6*t + 5. Let k be z(-6). Suppose -k*c = 9*c - 4326. List the prime factors of c.
3, 103
List the prime factors of 4/(-2)*(737979/(-6))/19.
11, 107
Suppose 303953 = -96*v + 1236113. List the prime factors of v.
2, 5, 971
Let b(q) = -q**2 + 5*q + 1. Let t be b(4). Suppose -a - 5*x - 20 = 0, 10 - 30 = 2*a + t*x. Suppose l - 11 - 34 = a. List the prime factors of l.
3, 5
Let x(y) = -2*y**3 + y**2 + 5*y + 6. Let w be -1 + -3 + 1*-1. Let v be x(w). Suppose -4*n + 0*n = -v. List the prime factors of n.
2
Let o(k) = -243*k**3 + 18*k**2 + 19*k + 38. What are the prime factors of o(-4)?
2, 7901
Suppose 1386*j - 1310*j - 3911644 = 0. List the prime factors of j.
11, 4679
Suppose 0 = -2*o - 5*c + 96, c - 1852 = -3*o - 1721. Let k(a) = -5*a - 1. Let u be k(-4). Let h = o - u. List the prime factors of h.
2, 3
Let t be 1*-4*6/8. What are the prime factors of (t + 6)*2 - -82?
2, 11
Suppose -4*k + 2*m + 14932 = -3*m, 0 = 4*k - 3*m - 14940. Suppose 0 = 43*w - 50*w + k. Suppose -5*b + w = b. What are the prime factors of b?
89
Let z(v) = -37*v - 12. Let s(i) = i**2 + 8*i + 13. Let w be s(-7). Suppose 5*n - w*n = 3. List t